et t(r) = 3*r + 3. Give t(q).
-3
Let w(z) = 2*z - 1. Let n be w(1). Let p(c) = -6*c + 2*c + 2*c**3 + 3*c + 1 + 3*c**3. Determine p(n).
5
Let b(i) = -2*i - 3*i + 3*i + 6*i. Let z(t) be the second derivative of 4*t**3/3 - 2*t. Let w(q) = -5*b(q) + 2*z(q). Calculate w(2).
-8
Suppose j + 4 = -j, -5*t + 2*j + 4 = 0. Let r(m) = -2*m + 1 - 5 + 2 + m. Calculate r(t).
-2
Let z(v) = -v**3 + v - 4. Suppose -2*q + 6*t = 3*t + 4, -3*t = -4*q + 4. Suppose -q*d + 20 = 2*b - 5*b, 4*d - 20 = -5*b. Calculate z(b).
-4
Let h(o) = o - 1. Let x(d) = -d**3 + d**2 - d + 3. Let i be x(0). Suppose 5*n + i = -2. Let j(s) = 14*s - 21. Let z(q) = n*j(q) + 21*h(q). Determine z(-1).
-7
Let c(s) = -9*s**3 - 2*s - 1. Let l be c(-1). Let b(i) = i**3 - 9*i**2 - 11*i + 14. Determine b(l).
4
Let q be (-2)/8 - (-147)/28. Let a(k) = -8 + 6*k + k**2 + 3 - q. Calculate a(-7).
-3
Let i(r) = 2*r + 1. Let u(k) be the second derivative of k**3/6 - 15*k**2/2 + k. Let d be u(12). Give i(d).
-5
Suppose 5*h + 9 = 4. Let k(a) = -6*a**2 - 6*a + 5. Let g(f) = -f**2 - f + 1. Let c(b) = h*k(b) + 5*g(b). Calculate c(-1).
0
Let w = -10 - -10. Let h(u) be the third derivative of 0*u + 2*u**2 - 5/24*u**4 + w - 1/6*u**3. Calculate h(-1).
4
Let p(c) = -c**3 - 3*c**2 + 7*c + 14. Let g be p(-4). Let d(z) = -4 - 4*z**2 + 1 + 3*z**2 + 2*z. Give d(g).
-3
Let d(i) be the first derivative of -i**4/4 - 3*i**3 - 2*i + 24. Calculate d(-9).
-2
Let v(z) = -2*z**2 - 2*z + 3. Suppose p = -5*a - 30, -a + p - 12 = -0*a. Let b be a/35 + (-14)/5. Give v(b).
-9
Suppose -3*j = -0*j + 4*b + 6, -4*b = -4*j - 8. Let y(m) = -3*m**3 - 2*m**2 + 3*m + 3. Determine y(j).
13
Let c(f) be the third derivative of f**5/60 - f**4/12 - f**3/2 - 4*f**2. Give c(3).
0
Let f(s) = 1 - 8*s - 4 + 2 + 4*s. Let p be f(1). Let x(i) = -i - 2. Calculate x(p).
3
Suppose -u - 4*j + 11 = 0, 1 = 5*u - j + 9. Let d(r) be the second derivative of 1/10*r**5 + 0*r**3 + 0 + 1/2*r**2 + 2*r - 1/6*r**4. Give d(u).
-3
Let q(y) = 3*y**2 + 2*y - 2. Let v be (-1)/2 + 34/4. Let m = v + -10. Calculate q(m).
6
Let v(k) be the third derivative of 0 - 1/4*k**4 - 1/6*k**3 - 2*k**2 + 0*k. Determine v(-2).
11
Let x(l) = -17*l**2 + 6 + 10 + 16*l**2. Calculate x(0).
16
Let v(m) = 1 + 0 - 4 + 2. Let d(w) = w + 16. Let o(t) = -d(t) - 4*v(t). Give o(-6).
-6
Let n(w) = w - 2. Let q = 2 - 0. Suppose -x + 7 - q = 0. Give n(x).
3
Let h(j) = -4*j + 5. Let r be h(-2). Let a(q) = q - 19. What is a(r)?
-6
Let t(j) = 14*j. Let p be (-2)/8 - 81/108. Give t(p).
-14
Let r(p) = 5*p - 7 - 3*p - 3*p. Let t(y) be the first derivative of y**4/4 - 2*y**3/3 - 3*y**2/2 + y - 3. Let g be t(2). Give r(g).
-2
Suppose 5*x + 3 = -n, -4*x + 3*x = -1. Let s(u) = -u**2 - 6*u + 11. Determine s(n).
-5
Let o(z) = 3*z + 4. Let h(x) = -8*x - 11. Let n(w) = 6*h(w) + 17*o(w). Let g(u) = 2*u - 2. Let t be g(0). Calculate n(t).
-4
Let v(k) = 5*k**2 - 3*k - 1. Let a(c) = -9*c**2 + 5*c + 2. Let h(w) = 4*a(w) + 7*v(w). Let b be 4 - (0 + -2 + 2). Suppose 4*y + 0 = b. What is h(y)?
-1
Let n(m) be the first derivative of -m**2/2 + 6*m + 6. What is n(6)?
0
Let v(f) = -10*f + 4*f + 4 + 1 + 5*f. Let d be (-5)/20 + (-26)/(-8). Let q be ((-10)/6)/(1/d). Calculate v(q).
10
Suppose 0*o - 12 = -3*o. Suppose o*h + 8 = -0*h. Let w(t) = t**2 + t. Let d(u) = 2*u**2 + u - 2. Let j(k) = d(k) - 4*w(k). Determine j(h).
-4
Let g(v) = -5*v**3 - 16*v**2 + 10*v + 24. Let y(c) = 2*c**3 + 5*c**2 - 3*c - 8. Let s(z) = 3*g(z) + 8*y(z). Give s(7).
1
Let y(k) = k**2 + 2*k + 1. Let p(z) = -z - 1. Let x be p(-2). Let i = x + -5. Give y(i).
9
Let f(x) = x**3 - 7*x**2 + 4*x - 6. Let p(q) = 5*q**2 + 2*q - 1. Let c be p(1). Give f(c).
-18
Let z = -7 - -8. Let s(f) = -2*f + 1. Give s(z).
-1
Let s(o) = 0*o**2 + 0*o**2 - 2*o**2 - 5*o + o. Suppose -4*i + 19 + 9 = 0. Suppose 2*v = i*v + 15. Calculate s(v).
-6
Suppose 0 = -b - 2 + 4. Let j be (4 + b)/(-2) - -3. Let k(z) = z**2 - 14. What is k(j)?
-14
Let v(w) = -2*w + 2*w - w - 1. Let y(m) = 6*m**2 - 1. Let u be y(-1). Suppose u*r = -0*r - 20. What is v(r)?
3
Let r(m) = -m**3 + 3*m**2. Suppose 3*v + 4*c + 2 = 0, -5*v + 2*c + c = 13. Let z be -1*-3*(-1 - v). Suppose -f = -z - 0. Calculate r(f).
0
Suppose 0*w + 20 = 4*w. Let t(k) = -5*k + w*k + 0*k - k. Give t(-4).
4
Let l(x) be the third derivative of 5*x**4/24 - x**3/6 - 10*x**2. Determine l(2).
9
Let o(m) be the third derivative of m**6/360 - 7*m**5/120 + m**4/6 + m**3 - m**2. Let q(f) be the first derivative of o(f). Give q(3).
-8
Let c(y) be the third derivative of 2/3*y**3 + 4*y**2 + 1/60*y**5 + 0 + 0*y + 1/8*y**4. Give c(-3).
4
Let a(q) = -38*q - 2 + 34*q + 1. What is a(2)?
-9
Let d(u) be the second derivative of u**3/6 - u**2/2 + 2*u. Give d(0).
-1
Let y(d) = -3*d**3 + d**2 + d. Let b(k) = -5*k**2 + k. Let m be b(-1). Let c be 5/m - 2/12. What is y(c)?
3
Let b(p) be the third derivative of -p**4/8 + p**2. Suppose 7*u - 2*u = -120. Let j be (2/(-8))/((-6)/u). Determine b(j).
3
Let i = -7 - -8. Let q = 0 - -1. Let v(h) = -h**2 - i - 1 - 6*h - q. What is v(-2)?
5
Suppose 51 + 9 = 3*n. Let u be ((-2)/(-5))/(4/n). Suppose -3 - u = -w. Let t(o) = o**3 - 4*o**2 - 5*o + 6. Determine t(w).
6
Let v(b) = b**3 + 6*b**2 + 2. Let d be (-30)/(-8) - 4/(-16). Let g be d + -6 - -3 - 7. Calculate v(g).
2
Let w(c) = -c**2 + 3*c - 3. Let m(k) = -k + 1. Let j(t) = 3*m(t) - w(t). Let p(y) be the first derivative of j(y). Calculate p(5).
4
Let a(p) = p**2 + 2*p - 10. Let j(k) = -k + 4 - 3 + 0*k. Let w(u) = -a(u) - 5*j(u). Let i = 8 - 3. What is w(i)?
-5
Let h = -12 + 7. Let t(a) be the first derivative of 3*a + 2 - 3/2*a**2 - 2*a**3 - 1/4*a**4. Calculate t(h).
-7
Let d = -5 - -10. Let x(l) be the second derivative of 1/12*l**4 + 0 - 2/3*l**3 + 2*l**2 - l. Determine x(d).
9
Let r(i) be the second derivative of -i**3/3 + 5*i**2/2 - 4*i + 9. Let v be -3 + 4 + 2*2. Determine r(v).
-5
Let r(z) = -z**3 + 5*z**2 + 1 + z - 1 + 2. Let c(v) = v**3 + 7*v**2 + 5. Let m be c(-7). What is r(m)?
7
Let b(x) = 1. Let l(v) = 0 + 2*v + 2*v + 3. Let h(j) = 2*b(j) - l(j). Suppose -4*s = 4*o - 4, 0 = 3*s - o - 5 + 2. Calculate h(s).
-5
Let h be (1/(1/(-5)))/1. Let k(o) be the second derivative of -5*o**2 + 0 + 15*o - 1/6*o**3. What is k(h)?
-5
Let b(q) = 10*q**3 - q**2. Suppose 0 = -2*x + 8. Suppose -5*r = -r - x. Calculate b(r).
9
Let r(i) be the third derivative of -i**6/20 - i**5/60 + 5*i**2. What is r(-1)?
5
Let c(v) be the first derivative of v**5/60 - v**4/12 - v**3/3 - v**2 - 8. Let i(f) be the second derivative of c(f). What is i(4)?
6
Let l(q) = q**3 - 7*q**2 + 5*q + 6. Let w be l(6). Let r(u) = 0*u + 0*u + w*u - 6 - u. Let k be (10/8)/(1/(-4)). What is r(k)?
-1
Let k(w) = -3*w**3 + w + 16 - 16 + 6*w**3. What is k(1)?
4
Let r(f) = -f + 4. Let p = -3 - -7. Let c = -19 + p. Let t be c/(2 + -5)*1. Give r(t).
-1
Let y(g) = -6*g**2 - 3 + 0 - 2 + 4. Determine y(1).
-7
Let d(o) = -5*o**2 - 6*o - 10. Let j be ((-2)/(-4))/((-4)/(-16)). Let g(q) = -9 - 6*q - 4*q**2 + 3*q - j*q. Let z(a) = 5*d(a) - 6*g(a). Give z(0).
4
Let n(f) = -5*f**2 + 2*f**3 + 3*f**3 - 6*f**3 - 2*f. What is n(-5)?
10
Let x = 26 + -19. Let n = -8 + x. Let w(s) = -15*s**2 + 11*s + 11. Let j(k) = -8*k**2 + 5*k + 5. Let o(l) = -9*j(l) + 4*w(l). Determine o(n).
12
Let l = 0 - 0. Suppose l*c + 2*c = 0. Suppose v - 4 + 6 = c. Let q(y) = y**3 + 2*y**2 + 2. What is q(v)?
2
Let f(i) be the third derivative of 1/60*i**5 + 0 + 1/12*i**4 + 0*i + 3*i**2 - 1/6*i**3. Let x(r) = -r**3 + 4*r**2 - r + 1. Let d be x(4). Calculate f(d).
2
Let g be 164/24 - ((-1)/6)/1. Let p(b) = b**3 - 6*b**2 - 7*b + 3. Give p(g).
3
Let z be (-4 + 2)/((-6)/(-9)). Let f(s) = s. Let j(m) = m - 3. Let q(b) = -4*f(b) + j(b). Calculate q(z).
6
Let r(a) = -2*a**3 + 2*a**2 - 1. Let l be r(-1). Let b(v) = -v**3 + 4*v**2 - 2*v + 2. Calculate b(l).
5
Let i(z) = -6*z - 8. Let m be i(-6). Suppose 2*h = -0*h - 5*q - m, q + 2 = 0. Let d be (12/h)/(-2)*-6. Let c(f) = f**3 + 4*f**2 + f + 2. Determine c(d).
-2
Let c(u) be the second derivative of u**6/360 + u**5/60 - u**4/12 - u**3/6 + 3*u. Let v(o) be the second derivative of c(o). What is v(-2)?
-2
Let x(u) = u**3 - 4*u**2 - 5. Suppose -3*n = -0*n + 15. Let z = n + 8. Let p = z - -1. What is x(p)?
-5
Suppose 3*n = m - 11, 0*n - 21 = -3*m + 5*n. Let i(c) be the third derivative of c**6/120 - c**4/24 - c**2. Calculate i(m).
